3, 7, 19, 367
List the prime factors of 857867.
857867
List the prime factors of 22173393.
3, 11, 671921
List the prime factors of 25979353.
43, 604171
List the prime factors of 8744836.
2, 2186209
What are the prime factors of 307585?
5, 227, 271
List the prime factors of 844966.
2, 47, 89, 101
List the prime factors of 4515187.
383, 11789
List the prime factors of 13227780.
2, 3, 5, 113, 1951
List the prime factors of 2218633.
41, 53, 1021
What are the prime factors of 1768732?
2, 7, 181, 349
List the prime factors of 568793.
41, 13873
List the prime factors of 1357330.
2, 5, 13, 53, 197
What are the prime factors of 77976?
2, 3, 19
List the prime factors of 1731113.
1731113
What are the prime factors of 339903?
3, 12589
List the prime factors of 3016469.
83, 36343
What are the prime factors of 1991097?
3, 221233
List the prime factors of 529629.
3, 53, 3331
List the prime factors of 128740.
2, 5, 41, 157
What are the prime factors of 1164829?
1164829
What are the prime factors of 18028092?
2, 3, 17, 67, 1319
What are the prime factors of 3597508?
2, 29, 31013
What are the prime factors of 234599?
234599
List the prime factors of 483561.
3, 13, 4133
What are the prime factors of 13216982?
2, 29, 181, 1259
What are the prime factors of 299049?
3, 83, 1201
List the prime factors of 6631189.
6631189
What are the prime factors of 663602?
2, 331801
List the prime factors of 10194822.
2, 3, 11, 1907
List the prime factors of 1069976.
2, 79, 1693
List the prime factors of 11027.
11027
List the prime factors of 275881.
275881
List the prime factors of 15801661.
31, 509731
What are the prime factors of 558224?
2, 139, 251
List the prime factors of 1362418.
2, 53, 12853
What are the prime factors of 6677555?
5, 31, 67, 643
What are the prime factors of 214586?
2, 19, 5647
List the prime factors of 84544.
2, 1321
What are the prime factors of 2506?
2, 7, 179
List the prime factors of 1134178.
2, 223, 2543
List the prime factors of 19287450.
2, 3, 5, 7, 13, 157
List the prime factors of 29985614.
2, 37, 405211
List the prime factors of 115992.
2, 3, 179
List the prime factors of 1246941.
3, 46183
List the prime factors of 1481996.
2, 163, 2273
List the prime factors of 12916543.
83, 155621
What are the prime factors of 153587?
7, 37, 593
List the prime factors of 1033947.
3, 114883
What are the prime factors of 209141?
41, 5101
List the prime factors of 12685026.
2, 3, 17, 124363
List the prime factors of 33977243.
179, 189817
List the prime factors of 1683805.
5, 336761
List the prime factors of 1801904.
2, 13, 8663
What are the prime factors of 1924560?
2, 3, 5, 11
What are the prime factors of 12654550?
2, 5, 73, 3467
List the prime factors of 10158.
2, 3, 1693
List the prime factors of 204926.
2, 79, 1297
List the prime factors of 675473.
109, 6197
What are the prime factors of 12367807?
12367807
What are the prime factors of 4271954?
2, 41, 59, 883
List the prime factors of 6061433.
7, 79, 97, 113
List the prime factors of 891304.
2, 43, 2591
List the prime factors of 551325.
3, 5, 7351
What are the prime factors of 1064965?
5, 11, 17, 67
List the prime factors of 131937.
3, 13, 17, 199
List the prime factors of 188148.
2, 3, 15679
What are the prime factors of 134766?
2, 3, 7487
What are the prime factors of 269382?
2, 3, 17, 19, 139
List the prime factors of 4211292.
2, 3, 350941
List the prime factors of 1628765.
5, 325753
List the prime factors of 12290297.
12290297
What are the prime factors of 1220307?
3, 11, 36979
What are the prime factors of 14136971?
79, 149, 1201
List the prime factors of 29389.
29389
What are the prime factors of 9580617?
3, 19, 179, 313
What are the prime factors of 4720373?
7, 17, 39667
What are the prime factors of 2158977?
3, 719659
What are the prime factors of 142041?
3, 113, 419
List the prime factors of 384581.
384581
What are the prime factors of 79146?
2, 3, 4397
List the prime factors of 176285.
5, 35257
List the prime factors of 463239.
3, 7, 19, 43
List the prime factors of 1955386.
2, 977693
List the prime factors of 311711.
311711
What are the prime factors of 184621?
23, 349
List the prime factors of 463810.
2, 5, 46381
List the prime factors of 373012.
2, 93253
What are the prime factors of 2925906?
2, 3, 487651
List the prime factors of 2089831.
2089831
List the prime factors of 4700379.
3, 1566793
What are the prime factors of 314691?
3, 13, 8069
What are the prime factors of 3850844?
2, 19, 23, 2203
List the prime factors of 3251443.
13, 67, 3733
List the prime factors of 1101240.
2, 3, 5, 7, 19, 23
List the prime factors of 335131.
335131
What are the prime factors of 978414?
2, 3, 179, 911
List the prime factors of 27663059.
27663059
What are the prime factors of 387618?
2, 3, 7, 11, 839
What are the prime factors of 439919?
439919
What are the prime factors of 427538?
2, 19, 11251
What are the prime factors of 19325880?
2, 3, 5, 7, 7669
List the prime factors of 1386321.
3, 53, 8719
List the prime factors of 7162658.
2, 19, 188491
What are the prime factors of 12910173?
3, 4303391
List the prime factors of 253232.
2, 7, 17, 19
List the prime factors of 8328885.
3, 5, 37, 43, 349
List the prime factors of 8464494.
2, 3, 59, 23911
List the prime factors of 1352088.
2, 3, 89, 211
List the prime factors of 5581884.
2, 3, 7, 11, 863
What are the prime factors of 171003?
3, 7, 17, 479
List the prime factors of 906527.
239, 3793
What are the prime factors of 2835433?
2835433
What are the prime factors of 403705?
5, 263, 307
What are the prime factors of 1191414?
2, 3, 7, 19, 1493
What are the prime factors of 1228931?
11, 111721
List the prime factors of 3947797.
7, 563971
What are the prime factors of 138681?
3, 19, 811
List the prime factors of 97455.
3, 5, 73, 89
List the prime factors of 8637.
3, 2879
List the prime factors of 4464960.
2, 3, 5, 4651
What are the prime factors of 16729633?
19, 233, 3779
What are the prime factors of 1429021?
11, 163, 797
List the prime factors of 8315.
5, 1663
List the prime factors of 12380705.
5, 2476141
List the prime factors of 7107588.
2, 3, 21937
What are the prime factors of 6448905?
3, 5, 139, 1031
What are the prime factors of 1768771?
1768771
List the prime factors of 130752.
2, 3, 227
What are the prime factors of 5219020?
2, 5, 260951
What are the prime factors of 273553?
7, 39079
List the prime factors of 958706.
2, 7, 31, 47
What are the prime factors of 12851?
71, 181
What are the prime factors of 658202?
2, 329101
List the prime factors of 19932.
2, 3, 11, 151
What are the prime factors of 211209?
3, 23, 3061
What are the prime factors of 2832284?
2, 7, 13, 31, 251
What are the prime factors of 256544?
2, 8017
List the prime factors of 281838.
2, 3, 107, 439
What are the prime factors of 3199571?
3199571
List the prime factors of 3266846.
2, 11, 163, 911
List the prime factors of 96423.
3, 32141
What are the prime factors of 2105672?
2, 263209
List the prime factors of 1146649.
7, 3343
What are the prime factors of 4513109?
17, 53, 5009
What are the prime factors of 38200660?
2, 5, 47, 40639
What are the prime factors of 730054?
2, 13, 43, 653
List the prime factors of 10595918.
2, 569, 9311
List the prime factors of 937144.
2, 13, 9011
List the prime factors of 35849.
11, 3259
What are the prime factors of 28443590?
2, 5, 7, 347, 1171
What are the prime factors of 1579774?
2, 7, 19, 5939
List the prime factors of 5505648.
2, 3, 23, 4987
What are the prime factors of 431867?
431867
List the prime factors of 2213273.
691, 3203
List the prime factors of 925633.
17, 54449
What are the prime factors of 321235?
5, 41, 1567
What are the prime factors of 5560095?
3, 5, 370673
What are the prime factors of 6972906?
2, 3, 457, 2543
List the prime factors of 11213.
11213
List the prime factors of 413912.
2, 31, 1669
List the prime factors of 12889341.
3, 477383
What are the prime factors of 2051471?
53, 38707
List the prime factors of 18068798.
2, 11, 29, 127, 223
What are the prime factors of 14930413?
313, 47701
What are the prime factors of 137732?
2, 7, 4919
What are the prime factors of 2131783?
17, 125399
List the prime factors of 2315909.
359, 6451
What are the prime factors of 69453?
3, 7717
List the prime factors of 144452.
2, 7, 11, 67
List the pr